). Let f(h) = -2*b(h) - 7*j(h). Give f(2).
-2
Let n(b) be the third derivative of b**5/30 + 13*b**4/24 - b**3 - 168*b**2. Let w(m) = -m**2. Let o(x) = -n(x) - 3*w(x). What is o(9)?
-30
Let j(d) = -15*d + 13. Suppose -4*k - 16 = 2*n, -143 = n - 5*k - 170. Determine j(n).
-17
Let u(p) = p**3 - p - 6. Let o be u(0). Let v = -327 + 334. Let s(l) = 7*l - 2 + v + l**2 + 2. Determine s(o).
1
Let b(v) = v**3 + 5*v**2 + 6*v + 3. Let r be -9 + 1 + 6 + -23. Let k = -27 - r. Determine b(k).
3
Let o = 38398 + -38388. Let f(k) = 13*k - 5. Determine f(o).
125
Let i(j) = j**2 - 2*j + 3. Suppose 12*h = 4*d + 14*h - 2, 0 = 3*d - 2*h + 2. Suppose 19*x - 23*x + 8 = d. Give i(x).
3
Let f(r) = 2*r + 21. Let w(o) = -794*o + 5548. Let g be w(7). Determine f(g).
1
Let g(a) = -100*a. Let y(f) = 117*f - 1. Let r(s) = -7*g(s) - 6*y(s). Suppose 5*t - 10 = 2*d, -d + 3*t - 5 = 2*t. Give r(d).
16
Let g(m) = m**3 - 3*m**2 + 4. Let a be ((-40)/6)/((-43)/(-15) - 3). Let l = 49 - a. Let c be 1*l*(-15)/(-3 + 8). What is g(c)?
4
Let g(m) = -m**3 - 6*m**2 + 5*m + 8. Let t(i) = i**2 - 19*i - 37. Let x be t(21). Suppose 0 = -a + 2*z + 4, -11*a + 10*a - x*z = 31. What is g(a)?
-22
Let g(v) = v**2 + v + 30. Suppose -412*j + 417*j = 5*l + 55, -4*l + 3*j = 39. What is g(l)?
60
Let d(s) = -7*s + 1. Suppose -4*u - 8*v + 6*v = -14, 4*u - 17 = -3*v. Suppose 0 = -5*t - 5*o + 20, t + 4*t - 6 = u*o. What is d(t)?
-13
Let j(a) = -549 + 5*a - a + 182 + 147 + 159. Determine j(12).
-13
Let n(j) = 9*j**2 + 7*j - 5. Suppose -16*w + 53 - 19 = 18. Determine n(w).
11
Let s(a) = 98 + 128 + 78 - 29 - 54*a. Give s(5).
5
Let l = -40226 - -40229. Let q(v) = 0*v - v + 1 + 6. Give q(l).
4
Let o = -947 - -951. Let g(s) = -2*s**2 + 3*s - 10. What is g(o)?
-30
Let h(r) be the first derivative of -82 + 5*r**2 - 1/3*r**3 - 13*r. Calculate h(9).
-4
Let y(g) = -g**2 - 12*g + 45. Let h be 2*(-2 - (-11)/(-2)). Let k be y(h). Let q(d) = 18 + 6 + 6*d - 7*d. Determine q(k).
24
Let b(o) be the second derivative of 3*o**5 - o**4/12 - 2054*o. Calculate b(-1).
-61
Let j(i) = -61436*i**3 + 61435*i**3 + 59*i - 25*i**2 - 10*i - 142. Determine j(-27).
-7
Let a(w) = w**3 - w - 4. Let u be ((-28)/20 - (-4)/10)*-8. Let l = -12 + u. Let r be (l*2)/(-4) + -2. What is a(r)?
-4
Let w(a) = 33*a - 31*a + 6 + 7 + 21 - 13. Calculate w(-13).
-5
Let v(k) = 2*k**3 - k**2 + 46*k - 47. Let u be v(1). Let w(n) = n + 21. What is w(u)?
21
Let r(j) = -j - 5. Let c(i) = i**3 + 9*i**2 - 24*i - 24. Let k be c(-11). Calculate r(k).
-3
Let d be ((-30)/80*-14)/((-2)/(-472)). Let s(z) = -2468*z - 8 + 1230*z + d*z + 1 - z**2. What is s(0)?
-7
Let w(k) = -k**3. Let a be w(0). Let m be 4 + -2 + a + -2. Let c(s) = 0 + 60*s - s**2 + s**3 - 59*s - 5 - 2. Determine c(m).
-7
Let r(n) = n - 11. Let j(o) = 14*o - 52 - o - 9*o. Let a(i) = -6*j(i) + 28*r(i). Calculate a(5).
24
Let u(c) be the first derivative of -c**2/2 - c + 524. Let h be 2/(16/(-6) - (-10)/15). What is u(h)?
0
Let t(s) = -321*s - 262*s + 580*s - 85. Give t(-28).
-1
Let l(r) = r**2 + 52*r + 198. Let a be l(-4). Let v(d) = 11 - 7*d - 11*d + 25*d - 11*d. Determine v(a).
-13
Let i(w) = -335 + 264 + 64*w - 55*w. Calculate i(8).
1
Suppose o = 4*g - 14, -15 - 1 = 4*o + 4*g. Let u(n) = -896*n**2 + 897*n**2 + 6*n - n - 5. Determine u(o).
1
Suppose -99 = -5*z - 89. Suppose -33*x - 62 = -z*x. Let t(y) = 2*y**3 + y**2 + y + 1. Determine t(x).
-13
Let b = 1730 - 1726. Let w(z) = -2*z**2 + 4*z - 11. What is w(b)?
-27
Let x(r) = -2*r. Suppose -4*a = -4*f - 8, -25*f + 24*f = 3*a - 22. What is x(a)?
-12
Let c be 3/(4/6*9/(-12)). Let g(x) = 4 - 18*x**2 - 5*x - 10*x**3 + 11*x**3 + 23*x**2. Give g(c).
-2
Let h be (11 - (-132)/(-11))/((-3)/(-9)). Let w(m) be the second derivative of -m**3/3 - 2*m**2 + 16*m. Determine w(h).
2
Let x(h) = -2*h**2 + 5*h - 6. Let o = 3432 - 3428. Give x(o).
-18
Let a = 38338 - 38338. Let i(o) be the first derivative of -o**4/4 - o**3/3 + 5*o + 1. Determine i(a).
5
Let a(h) be the second derivative of h**5/120 + 8*h**3/3 + 2*h + 43. Let r(g) be the second derivative of a(g). What is r(-1)?
-1
Let q be (-5372)/(-1264) - (-9)/(-4). Let p(j) = 46*j - 47. Calculate p(q).
45
Let j(u) = -2*u**2 - 17*u - 2. Let q be j(-8). Let c(g) = 2*g**2 + g**2 + 1 - 4 - 2*g**2 + q*g. Let h(l) = -l - 12. Let w be h(-5). Calculate c(w).
4
Let w(o) = -3*o. Let k(t) = 29*t + 32*t - 41*t. Let n(p) = -k(p) - 6*w(p). What is n(0)?
0
Suppose 58*g - 13 = 57*g - 2*m, -4*g = m - 17. Let r(p) = 5*p**2 - 20*p + 4. Determine r(g).
-11
Let l be ((-4)/(-5))/((-4)/(-10)). Let n(v) = -1 + 0*v - 3 + 1 - l*v. Suppose -x - 15 = x - f, 3*x = -2*f - 12. Give n(x).
9
Let l(u) = -u**3 + 7*u**2 + u - 20. Let t = -14820 + 14826. What is l(t)?
22
Suppose -3*h + 0*h + 45 = 3*r, 4*r - 60 = 5*h. Let o(k) = -2 + r*k + 4 - 28*k + 12*k. Give o(12).
-10
Let u(n) = n**3 + n**2 + n + 8. Let x(q) = 17*q + 127. Let h be x(-17). Let c = h - -162. Calculate u(c).
8
Let y(w) = -4*w**3 - 4*w**2 - 6*w - 3. Let f(v) = -23*v**3 - 23*v**2 - 34*v - 18. Let o(s) = 3*f(s) - 17*y(s). Determine o(4).
-83
Let w = -13604 - -13606. Let n(q) = -16*q**2 - 3*q + 1. Determine n(w).
-69
Let s(y) = y**3 + 3*y**2 - 3*y + 2. Let p(d) = -d**2 + 7*d - 17. Let n = 102 + -98. Let v be p(n). What is s(v)?
-33
Suppose -5*b - 335 = -1825. Suppose 0 = 285*s - b*s - 65. Let q(o) be the third derivative of -o**5/60 - o**4/6 + 7*o**3/6 + o**2. Give q(s).
2
Let v(k) = k**3 + 6*k**2 + 5*k. Let y(t) = -2*t**3 - 9*t**2 - t - 3. Let z be y(-5). Suppose -5*h - z = q, -h - 7*q + 6*q - 7 = 0. Give v(h).
0
Suppose 25*q = -336 + 186. Let l(x) = 2*x**2 + 8*x - 32. What is l(q)?
-8
Let n(s) be the third derivative of -s**4/24 + 7*s**3/2 - 22*s**2. Let a be n(-5). Let y = a + -26. Let o(u) = -u + 10. Determine o(y).
10
Suppose 3*x - 4*x - 21 = 0. Let z = 30 - x. Let d(t) = -t**2 - t**3 - 14 - 25*t - 26*t + z*t. What is d(0)?
-14
Let x(j) = -11*j. Let f = -462 + 467. Suppose -r + f*v = 4*v + 3, 5*v - 3 = -r. What is x(r)?
22
Suppose 58 = 3*g + 4*c + 18, -c = 4*g - 36. Let q(u) = -8*u - 11. Calculate q(g).
-75
Let l(t) be the first derivative of -t**4/4 + 4*t**3 - 3*t**2/2 - 18*t + 6322. Calculate l(11).
70
Let i(p) = 2*p - 4. Let o = 287 + -283. Suppose 5*q + 33 = -o*s, -q + 4*s + 1 + 2 = 0. What is i(q)?
-14
Let b = 351 + -345. Let y(m) = -12 - 8*m + 9*m - 2*m + 2*m. Determine y(b).
-6
Let m = 340 + -321. Suppose 2*p + 5*y - m = -p, 0 = 2*p + 3*y - 13. Let i(j) = j + 5. Let s(k) = 2*k + 11. Let b(z) = 13*i(z) - 6*s(z). What is b(p)?
7
Suppose -3*m - 9 = 5*v + 1, -2 = 3*m + v. Let i(y) = y**3 + m*y**3 - 6*y + 1359 - 1363 + 2*y**2. Calculate i(-4).
-12
Suppose -2*g - 4*u = 8, 4*u + 13 = 2*g - 11. Let r(m) = 5*m**2 - 8*m + 5. Let w(p) = -4*p**2 + 7*p - 5. Let k(x) = 5*r(x) + 6*w(x). What is k(g)?
19
Let n(r) = -4 - 7 + r**2 - 13*r + 5*r. Let a = -36 + 36. Suppose -h = g - 4, -41 = -4*g - a*g + h. Determine n(g).
-2
Let b(l) be the third derivative of -l**6/360 + 11*l**5/120 - l**4/2 + 8*l**3 - 49*l**2. Let u(w) be the first derivative of b(w). What is u(9)?
6
Let j(g) = -9*g + 60. Suppose -150*f + 154*f - 4 = 0, -2*m + 11 = -f. Give j(m).
6
Let n(x) be the third derivative of x**6/120 - x**5/30 - x**4/8 + x**3/2 - 36*x**2 + 32*x. Calculate n(1).
-1
Let f = 1320 + -1324. Let s(u) = u**3 + 2*u**2 - 7*u - 3. Calculate s(f).
-7
Let h(r) = r - 10. Let t be h(8). Suppose 2*b - 7 = v + 7*b, -3*v - 4*b + 1 = 0. Let u(z) = -z**2 - 4*z - z + 1 - z + 4*z - z**v. Determine u(t).
9
Let f(z) = -z**3 - 1 - 51*z**2 + 0*z**3 - 4 - 4*z + 59*z**2. Let o(d) = -d**3 + 7*d**2 - 3*d - 4. Let a(b) = 3*f(b) - 4*o(b). Suppose -8 = -3*i + i. Give a(i).
1
Let o(a) = -24*a + 150. Suppose 10*v + 26 - 11 = 75. What is o(v)?
6
Let j(d) be the first derivative of 5*d + 62 + 1/3*d**3 - d**2. Determine j(0).
5
Let v be 2/(-2 + 4) + -20 + 27. Let w be (-20)/(-9)*108/24. Let q(n) = -5 - 11 + n + w. Give q(v).
2
Let r(u) = -u**3 - 8*u**2 + 8*u - 7. Let h be (0 - 1)/((-3 + 1)/202). Suppose 0 = 4*i + h - 497. Let o = 90 - i. Give r(o).
2
Let f(m) = m**3 + 5*m**2 + 2*m + 2. Let c = 29 + 0. Suppose 2*y + 3*r + c = 3, 0 = y - 3*r + 31. Let j = y + 14. Determine f(j).
-8
Let p be (-38)/(-6) + -4*(-6)/(-18). Suppose 3*u - 2*u - 5*z = 14, 2*u + p*z + 2 = 0. Let k(y) = -y**3 + 4*y**2 + 2. Determine k(u).
2
Suppose 3 = 73*r - 70*r. Let f(w) =